 What is q(-2)?
24
Let z(a) = 67*a**2 + 334*a + 1. Determine z(-5).
6
Let b(m) = -5*m**3 - 35*m**2 + 19*m + 14. What is b(-4)?
-302
Let v(h) = 387*h + 7350. What is v(-19)?
-3
Let r(y) = -2*y**3 - 33*y**2 - 21*y - 14. Calculate r(-16).
66
Let f(d) = -d**2 + 19*d + 24. Determine f(21).
-18
Let c(z) = 20*z + 20. Give c(2).
60
Let p(x) = -78*x**2 - 802*x - 223. What is p(-10)?
-3
Let a(t) = -t**3 + 32*t**2 - 50*t - 166. What is a(30)?
134
Let x(r) = -r**3 - 10*r**2 + 40*r + 32. Calculate x(-13).
19
Let k(q) = -q**3 - 37*q**2 - 39*q + 87. Give k(-36).
195
Let a(n) = 60*n + 2018. Give a(-32).
98
Let z(s) = s**2 - 9*s + 63. What is z(0)?
63
Let u(c) = -c**3 + 14*c**2 + 171*c - 9. Give u(-8).
31
Let x(n) = -n**2 + 4*n + 145. Give x(-10).
5
Let s(m) = 50*m**3 + 33*m**2 + 3*m + 4. Determine s(-1).
-16
Let w(j) = j**3 + 31*j**2 - 39*j + 21. What is w(-32)?
245
Let i(c) = -c**2 + 96*c + 3937. What is i(127)?
0
Let v(i) = i**3 - 65*i**2 - 52*i - 1045. Give v(66).
-121
Let z(i) = -11*i**2 - 22*i - 17. Determine z(-2).
-17
Let l(n) = 541*n + 1627. Give l(-3).
4
Let x(z) = 248*z - 977. Calculate x(4).
15
Let u(j) = -j**2 - 700*j + 4251. Give u(6).
15
Let g(j) = -16*j - 165. Give g(-11).
11
Let u(h) = 104*h - 255. What is u(4)?
161
Let j(n) = -10*n**2 + 33*n - 3. Give j(3).
6
Let o(r) = r**3 + 105*r**2 + 75*r + 7860. Calculate o(-105).
-15
Let d(c) = -70*c - 904. What is d(-12)?
-64
Let m(q) = -3*q**2 + 449*q + 3280. What is m(-7)?
-10
Let r(c) = c**3 - 42*c**2 + 196*c - 402. Give r(37).
5
Let q(o) = -48*o + 1852. Determine q(29).
460
Let p(t) = -24*t + 2902. Calculate p(120).
22
Let r(o) = 397*o - 310. Give r(1).
87
Let c(o) = -5753*o + 5780. Give c(1).
27
Let t(g) = 38*g**3 + 3*g**2 - 2. Determine t(1).
39
Let d(k) = -4*k + 9. Calculate d(6).
-15
Let f(b) = 4*b**2 + 150*b - 17494. What is f(50)?
6
Let l(x) = x**2 - 13*x - 1611. Determine l(-34).
-13
Let g(j) = -3*j**3 - 52*j**2 + 33*j - 59. Give g(-18).
-5
Let g(h) = -2*h**3 + 143*h**2 + 373*h - 225. Calculate g(74).
-3
Let f(j) = j**3 - 6*j**2 + 34*j - 81. Calculate f(3).
-6
Let s(h) = -2*h**2 - 197*h + 179. Give s(-99).
80
Let p(m) = -33*m**2 + 4*m + 1. Determine p(1).
-28
Let c(i) = 28*i + 1626. Determine c(-58).
2
Let m(u) = 1780*u + 17841. What is m(-10)?
41
Let f(y) = -2*y**3 - 12*y**2 - 46*y - 189. Calculate f(-5).
-9
Let a(b) = -2*b**3 - 41*b**2 + 44*b - 466. Give a(-22).
18
Let n(s) = -3*s**2 + 12*s + 51. Give n(-3).
-12
Let l(u) = -24*u**2 + 2210*u - 171. What is l(92)?
13
Let a(l) = l**3 + 32*l**2 - 67*l - 36. Determine a(-34).
-70
Let k(b) = -2*b**2 + 117*b + 2130. What is k(73)?
13
Let c(x) = 7*x - 474. Determine c(64).
-26
Let z(m) = m**2 - 59*m + 225. What is z(55)?
5
Let n(j) = j**3 - 4*j**2 + 64*j - 187. What is n(3)?
-4
Let v(o) = -1248*o - 13727. What is v(-11)?
1
Let b(x) = -x**2 - 33*x - 50. Calculate b(-26).
132
Let o(t) = 8*t**3 + 33*t**2 + 13*t - 2. What is o(-6)?
-620
Let v(w) = -39*w - 6. Determine v(-5).
189
Let u(w) = -2*w**2 + 57*w + 78. Determine u(30).
-12
Let i(d) = 88*d - 4320. Determine i(49).
-8
Let c(p) = p**3 + 16*p**2 + 54*p + 199. What is c(-13)?
4
Let t(h) = -22*h**2 + 26*h + 1. Calculate t(1).
5
Let h(d) = -3*d + 126. Calculate h(49).
-21
Let l(j) = -11*j**2 + 8*j + 34. What is l(-2)?
-26
Let x(l) = l**3 + 9*l**2 + 25*l + 80. Calculate x(-7).
3
Let z(o) = -37*o - 432. What is z(-7)?
-173
Let y(i) = 12*i**2 + 463*i + 702. What is y(-37)?
-1
Let j(o) = -o**3 - 73*o**2 - 72*o + 17. What is j(-72)?
17
Let d(y) = y**3 + 20*y**2 + 29*y - 40. What is d(-18)?
86
Let a(x) = 2*x**3 + 7*x**2 + 10*x + 5. What is a(-4)?
-51
Let k(r) = -391*r - 14. Give k(0).
-14
Let t(v) = 3*v**3 - 24*v**2 - 26*v + 318. Give t(7).
-11
Let v(y) = y**2 + 45*y - 190. Give v(-53).
234
Let n(s) = s**3 - 74*s**2 + 76*s - 188. What is n(73)?
31
Let c(m) = -160*m + 93. Calculate c(-7).
1213
Let l(s) = -s**2 - 284*s - 1422. Give l(-5).
-27
Let j(z) = -z**2 + 9*z + 53. What is j(-4)?
1
Let h(f) = -2*f**3 + 225*f**2 + 16*f + 10958. Calculate h(113).
-3
Let o(z) = z**2 - 115*z + 356. What is o(3)?
20
Let j(l) = -4*l**2 + 26*l - 60. Calculate j(8).
-108
Let a(r) = -2*r**3 - 52*r**2 - 301*r + 90. Determine a(-17).
5
Let t(q) = 26*q - 550. Determine t(20).
-30
Let r(s) = s**3 + 19*s**2 - 15*s - 256. What is r(-19)?
29
Let p(b) = -b**2 - 36*b + 3. Calculate p(-14).
311
Let r(n) = 4*n**2 + 23*n + 145. Give r(-6).
151
Let q(w) = -550*w - 15388. What is q(-28)?
12
Let p(b) = 144*b + 706. Give p(-4).
130
Let m(h) = 19*h**2 - 83*h + 228. What is m(3)?
150
Let a(m) = -6*m**2 - 58*m - 165. Determine a(-4).
-29
Let w(l) = 143*l**3 - 2*l**2 - 35*l - 34. Determine w(-1).
-144
Let f(u) = 122*u**2 - 9522*u + 470. Calculate f(78).
2
Let y(t) = 7*t**2 + 19*t + 11. Calculate y(4).
199
Let u(f) = 2*f**3 - 33*f**2 - 9*f - 108. Calculate u(17).
28
Let s(g) = -g**2 + 42*g + 285. What is s(50)?
-115
Let l(q) = -577*q + 23636. Calculate l(41).
-21
Let a(v) = v**2 + 109*v - 1. Calculate a(0).
-1
Let d(a) = 2*a**3 + 52*a**2 + 96*a + 5. What is d(-24)?
5
Let f(x) = x**2 - 240*x + 10305. What is f(56)?
1
Let d(z) = z**2 - 19*z - 19. Determine d(21).
23
Let l(m) = -21*m + 1775. Determine l(84).
11
Let b(c) = -c**3 - 30*c**2 - 29*c + 89. What is b(-29)?
89
Let q(x) = 3*x**3 + 241*x**2 - 417*x - 572. What is q(-82)?
2
Let f(w) = -2*w + 29. Give f(-7).
43
Let o(w) = 23*w + 2566. Determine o(-128).
-378
Let k(x) = 51*x + 649. Calculate k(-13).
-14
Let o(s) = 102*s + 1731. Calculate o(-17).
-3
Let d(p) = -57*p**3 + p**2 + 3*p + 10. Determine d(-2).
464
Let n(i) = -i**3 - 25*i**2 - 151*i - 48. What is n(-15)?
-33
Let u(c) = 23*c**2 - 208*c + 66. Calculate u(9).
57
Let n(i) = -98*i + 224. What is n(3)?
-70
Let y(g) = -4*g**3 - 13*g**2 - 29*g - 154. Give y(-4).
10
Let y(h) = 39*h - 1474. Determine y(28).
-382
Let t(c) = -c**3 + 10*c**2 - 14*c - 61. What is t(5)?
-6
Let t(b) = 35*b**2 + 299*b + 171. What is t(-8)?
19
Let m(p) = -288*p**2 + 13*p - 7. Calculate m(2).
-1133
Let s(j) = -j**3 - 6*j**2 - 118*j - 871. Calculate s(-7).
4
Let a(b) = -b**3 + 46*b**2 - 87*b - 97. Give a(44).
-53
Let b(q) = -q**2 + 11*q - 30. What is b(9)?
-12
Let m(x) = x**3 - 34*x**2 + 87*x - 6. Calculate m(31).
-192
Let f(j) = 11*j**3 - 12*j**2 + 4*j - 5. Determine f(1).
-2
Let j(t) = -t**2 + 11*t + 79. Calculate j(-5).
-1
Let h(f) = f**2 - 112*f + 1204. Calculate h(12).
4
Let r(p) = -4*p**3 + 37*p**2 - 89*p + 31. Calculate r(5).
11
Let r(t) = -t**3 + 30*t**2 - 11*t + 267. Determine r(30).
-63
Let t(w) = -9*w - 176. Give t(-19).
-5
Let q(l) = -l**3 - 34*l**2 - 151*l + 481. Calculate q(-28).
5
Let o(b) = 6*b**2 + 2*b - 232. Give o(8).
168
Let b(p) = -141*p + 2108. Give b(15).
-7
Let n(u) = -u**3 - 5*u**2 + 13*u + 36. Give n(-5).
-29
Let g(f) = f**3 + 19*f**2 + 49*f - 30. Determine g(-16).
-46
Let n(u) = -10*u**2 - 93*u + 688. What is n(5)?
-27
Let h(z) = z**3 - 15*z**2 + 6*z - 55. Determine h(15).
35
Let f(j) = 109*j + 2193. Calculate f(-17).
340
Let y(q) = -9*q**2 - 5*q + 173. What is y(8)?
-443
Let g(x) = 2*x**2 + 23*x - 24. Determine g(-11).
-35
Let o(p) = 37*p + 1296. What is o(-35)?
1
Let y(a) = -2*a**2 + 11*a + 220. Give y(14).
-18
Let c(y) = y**2 - 109*y + 2063. What is c(24)?
23
Let t(k) = 139*k + 655. Calculate t(-5).
-40
Let a(k) = -5*k**2 + 159*k - 784. Determine a(5).
-114
Let b(a) = 19*a**2 - 36*a - 8. Calculate b(2).
-4
Let m(a) = -2*a**2 - 24*a + 123. Calculate m(4).
-5
Let d(o) = -o**3 - 24*o**2 - 27*o + 26. Give d(-23).
118
Let p(o) = -987*o + 44464. Calculate p(45).
49
Let r(y) = -52*y**2 - 34*y + 4. Give r(2).
-272
Let z(x) = -x**3 + 69*x**2 - 3*x + 464. What is z(69)?
257
Let j(t) = 24*t**2 - 143*t - 24. Calculate j(7).
151
Let z(y) = -y**3 + 65*y**2 + 6*y + 63. Give z(65).
453
Let r(p) = 17*p**2 + 567*p + 185. What is r(-33)?
-13
Let y(q) = 1475*q + 138646. Give y(-94).
-4
Let o(x) = 566*x - 22076. What is o(39)?
-2
Let u(h) = -83*h + 91. Give u(4).
-241
Let a(j) = -94*j - 4229. Calculate a(-45).
1
Let z(h) = h**2 - 41*h - 794. Determine z(44).
-662
Let x(y) = 2*y**3 + 2*y**2 + 56*y + 161. Calculate x(-3).
-43
Let f(b) = -b**3 + 7*b**2 + 12*b - 34. Determine f(3).
38
Let b(r) = r**2 + 197*r - 1765. Determine b(9).
89
Let c(t) = -47*t**2 + 157*t - 50. What is c(3)?
-2
Let d(y) = -2*y**2 - 7*y + 37. Calculate d(-15).
-308
Let s(h) = -3*h + 85. What 